{"id":321,"date":"2024-02-12T18:34:14","date_gmt":"2024-02-12T18:34:14","guid":{"rendered":"https:\/\/pandyfloats.com\/?page_id=321"},"modified":"2026-02-17T15:59:51","modified_gmt":"2026-02-17T15:59:51","slug":"home","status":"publish","type":"page","link":"https:\/\/pandyfloats.com\/?page_id=321","title":{"rendered":"Pandy te salut\u0103"},"content":{"rendered":"\n<p><\/p>\n\n\n\n<p><\/p>\n\n\n\n<h5 class=\"wp-block-heading has-text-align-center\"><em><strong>Bine a\u021bi venit !<\/strong><\/em><\/h5>\n\n\n<div class=\"wp-block-image\">\n<figure class=\"alignleft is-resized\"><a href=\"https:\/\/pandyfloats.com\/wp-content\/uploads\/2018\/05\/pandylog.png\"><img decoding=\"async\" src=\"https:\/\/pandyfloats.com\/wp-content\/uploads\/2018\/05\/pandylog.png\" alt=\"\" style=\"aspect-ratio:0.49643747148222245;width:326px;height:auto\"\/><\/a><\/figure>\n<\/div>\n\n\n<p><\/p>\n\n\n\n<p><\/p>\n\n\n\n<p class=\".aliniat {     text-indent: 1.5em; }\">Am construit acest site pentru prezentarea plutelor <a href=\"https:\/\/pandyfloats.com\/site\/\"><strong><em>Pandy<\/em><\/strong><\/a>,&nbsp;rodul mai multor ani experimentali concretiza\u021bi \u00eentr-un produs de calitate superioar\u0103.<br>Pescuitul sportiv, marea pasiune, m-a determinat s\u0103-mi confec\u021bionez primele plute&nbsp;\u0219i s\u0103 le perfec\u021bionez \u00een timp,&nbsp;ad\u0103ug\u00e2nd un plus de originalitate prin personalizare.<br>Utilizez lemnul de balsa sau polimerii sintetici cum ar fi DuraFoam, UUL-Foam, plasticul extrudat Rohacell, cu densitate constant\u0103 &nbsp;foarte mic\u0103 dar duritate crescut\u0103. Aceste materiale de sintez\u0103 asigur\u0103 produc\u021bia plutelor de top, standardizate, perfect uniforme, cu portan\u021be identice, sensibile, vizibilitate crescut\u0103, precizie.<br>Folosirea materialelor performante&nbsp;\u0219i a ultimelor nout\u0103\u021bi \u00een domeniul accesoriz\u0103rii&nbsp;\u0219i paint-ului&nbsp;\u00een crearea plutelor m-a ajutat sa diversific tipo &#8211; dimensiunile, astfel reu\u0219ind s\u0103 satisfac cerin\u021bele&nbsp;cele mai variate pentru o gam\u0103 larg\u0103 de stiluri de pescuit la plut\u0103, at\u00e2t \u00een ape lini\u0219tite c\u00e2t&nbsp;\u0219i \u00een cele curg\u0103toare,&nbsp;pentru pescuitul competi\u021bional sau cel de agrement.<br>\u00cen speran\u021ba c\u0103 o sa reu\u0219esc s\u0103 aduc un plus de culoare, fine\u021be&nbsp;\u0219i eficien\u021b\u0103 partidelor Dumneavoastr\u0103 de pescuit,&nbsp;<strong>mul\u021bumesc<\/strong> vizitatorilor acestui site, colaboratorilor&nbsp;\u0219i celor care folosesc plutele Pandy!<\/p>\n\n\n\n<h2 class=\"wp-block-heading\">&nbsp; &nbsp; &nbsp; &nbsp; &nbsp; &nbsp; &nbsp; &nbsp; &nbsp; &nbsp; &nbsp; &nbsp; &nbsp; &nbsp; &nbsp; &nbsp; &nbsp; &nbsp; &nbsp; &nbsp; &nbsp; &nbsp; &nbsp; &nbsp; &nbsp; &nbsp; &nbsp; &nbsp; &nbsp; &nbsp; &nbsp; &nbsp; &nbsp; &nbsp; &nbsp; &nbsp; &nbsp; &nbsp; <em>&nbsp;<strong>Pe\u0219te&#8217;n Fir!!!<\/strong><\/em><\/h2>\n\n\n\n<figure class=\"wp-block-video\"><video height=\"1080\" style=\"aspect-ratio: 1920 \/ 1080;\" width=\"1920\" autoplay controls loop muted src=\"https:\/\/pandyfloats.com\/wp-content\/uploads\/2026\/01\/fish-logo-video2.mp4\" playsinline><\/video><\/figure>\n\n\n\n<div class=\"wp-block-group is-nowrap is-layout-flex wp-container-core-group-is-layout-ad2f72ca wp-block-group-is-layout-flex\">\n<figure class=\"wp-block-embed aligncenter is-type-video is-provider-youtube wp-block-embed-youtube wp-embed-aspect-16-9 wp-has-aspect-ratio\"><div class=\"wp-block-embed__wrapper\">\n<iframe loading=\"lazy\" title=\"Aka - B...luminous!\" width=\"500\" height=\"281\" src=\"https:\/\/www.youtube.com\/embed\/hPl8a0cRN68?feature=oembed\" frameborder=\"0\" allow=\"accelerometer; autoplay; clipboard-write; encrypted-media; gyroscope; picture-in-picture; web-share\" referrerpolicy=\"strict-origin-when-cross-origin\" allowfullscreen><\/iframe>\n<\/div><\/figure>\n<\/div>\n","protected":false},"excerpt":{"rendered":"<p>Bine a\u021bi venit ! Am construit acest site pentru prezentarea plutelor Pandy,&nbsp;rodul mai multor ani experimentali concretiza\u021bi \u00eentr-un produs de calitate superioar\u0103.Pescuitul sportiv, marea pasiune, m-a determinat s\u0103-mi confec\u021bionez primele plute&nbsp;\u0219i s\u0103 le perfec\u021bionez \u00een timp,&nbsp;ad\u0103ug\u00e2nd un plus de originalitate prin personalizare.Utilizez lemnul de balsa sau polimerii sintetici cum ar fi DuraFoam, UUL-Foam, plasticul extrudat [&hellip;]<\/p>\n","protected":false},"author":1,"featured_media":614,"parent":0,"menu_order":1,"comment_status":"closed","ping_status":"closed","template":"","meta":{"footnotes":""},"class_list":["post-321","page","type-page","status-publish","has-post-thumbnail","hentry"],"_links":{"self":[{"href":"https:\/\/pandyfloats.com\/index.php?rest_route=\/wp\/v2\/pages\/321","targetHints":{"allow":["GET"]}}],"collection":[{"href":"https:\/\/pandyfloats.com\/index.php?rest_route=\/wp\/v2\/pages"}],"about":[{"href":"https:\/\/pandyfloats.com\/index.php?rest_route=\/wp\/v2\/types\/page"}],"author":[{"embeddable":true,"href":"https:\/\/pandyfloats.com\/index.php?rest_route=\/wp\/v2\/users\/1"}],"replies":[{"embeddable":true,"href":"https:\/\/pandyfloats.com\/index.php?rest_route=%2Fwp%2Fv2%2Fcomments&post=321"}],"version-history":[{"count":75,"href":"https:\/\/pandyfloats.com\/index.php?rest_route=\/wp\/v2\/pages\/321\/revisions"}],"predecessor-version":[{"id":1127,"href":"https:\/\/pandyfloats.com\/index.php?rest_route=\/wp\/v2\/pages\/321\/revisions\/1127"}],"wp:featuredmedia":[{"embeddable":true,"href":"https:\/\/pandyfloats.com\/index.php?rest_route=\/wp\/v2\/media\/614"}],"wp:attachment":[{"href":"https:\/\/pandyfloats.com\/index.php?rest_route=%2Fwp%2Fv2%2Fmedia&parent=321"}],"curies":[{"name":"wp","href":"https:\/\/api.w.org\/{rel}","templated":true}]}}